 t - 70. Let c(f) = 22*g(f) - 4*n(f). Suppose 3*z + 2*z - 20 = 0. Is c(z) composite?
True
Let j = 188 - -17246. Let l = 23627 + j. Is l a composite number?
True
Let b(a) = -a**2 + 6*a + 3. Let j be b(2). Suppose j*g - 14*g + 11883 = 0. Is g a prime number?
False
Suppose 0*l = -3*l + 12. Suppose -b = -5*b + 16, l*o - 3*b = 572. Suppose 1401 - o = s. Is s composite?
True
Let c = 1118826 - 711479. Is c a prime number?
True
Suppose 211*x = 53*x + 20514878. Is x a composite number?
False
Let x(q) = -7*q**3 + 2*q**2 - 4*q - 17. Let s be x(-8). Let n = s + -2508. Is n composite?
True
Suppose 72*c - 91*c + 284069 = 0. Is c prime?
True
Suppose 5*d - y = 5677, 0 = -4*d - 0*d + 3*y + 4546. Let a(v) = 2*v**2 + 106*v + 180. Let m be a(-54). Let b = m + d. Is b a prime number?
True
Suppose -17 = 4*s - 13. Let x(f) = -453*f. Let l be x(s). Let a = l - 4. Is a prime?
True
Let d(c) = -28*c**3 - 4*c**2 - 11*c - 3. Suppose 7 = -3*f - 5*m, -40*m + 38*m - 14 = 4*f. Is d(f) composite?
True
Is (32 + 0)/(-160) + (-1010066)/(-5) a composite number?
True
Let z(k) = -3900*k + 1337. Is z(-38) composite?
True
Let z(b) = -264*b - 129. Let g(x) = -4*x**2 - 102*x + 37. Let d be g(-26). Is z(d) a prime number?
False
Suppose -10*s = -13*s + 4*s - 82867. Is s a composite number?
True
Suppose d = -3*u + 87668, -25*d + 2*u + 438357 = -20*d. Is d a composite number?
False
Let g(z) = -197*z + 865. Let x(o) = 295*o - 1298. Let v(c) = 8*g(c) + 5*x(c). Is v(-21) composite?
False
Suppose -14*m = 2*m - 144. Suppose -m*q + 6*q = 5*r - 34986, -11651 = -q + 2*r. Is q a prime number?
True
Is 2/4*(-24866078)/(-283) a composite number?
False
Suppose -934*c + 3694824 = 4*b - 930*c, 5*c - 923678 = -b. Is b composite?
True
Let t(f) = -2*f - 54. Let o be t(-22). Is 6/o - (-15)/25 - -879 a composite number?
True
Let b = 47 + -53. Let q(u) = -2 - 12*u**3 - 12*u - 10*u**3 - 15*u**3 + 7*u**2 + 38*u**3. Is q(b) a composite number?
True
Suppose 70*s = 2553590 - 561180. Is s a composite number?
False
Let s(w) = -13*w + 72. Let q be s(5). Is 7*(-1)/q*-74 a prime number?
False
Let o(s) = -340*s**3 - 11*s**2 + 2*s - 35. Is o(-6) prime?
True
Suppose 0 = 3*p - 8*p - 4*z + 71011, 28404 = 2*p + 2*z. Let b = 24104 - p. Is b a composite number?
False
Suppose -3*o = -132 - 45. Let p = o + -57. Suppose -2*l + 416 = p*s, 2*s + 3*l = -2*s + 830. Is s composite?
True
Suppose 4*k = -x + 188 + 44, -3*x = 5*k - 696. Let l = 522 - x. Suppose z = 5*o - l, z - 232 = -4*o - z. Is o composite?
True
Suppose 4*a + 125336 = 5*d + 1527, -4*a - 74279 = -3*d. Suppose -2*f = 13*f - d. Is f composite?
True
Let t be (-36)/(-5)*(264/(-18) + -2). Let b = t - -58. Let m = b + 115. Is m a prime number?
True
Let v(j) = 873*j + 1. Let o be v(1). Let a = -205 - 290. Let h = o + a. Is h a composite number?
False
Suppose 7*v - 477746 = 169873. Is v prime?
False
Is ((-1528025)/15)/5*(-13)/((-52)/(-12)) a composite number?
False
Suppose -5*q = -6*q - 2. Is 93*105 - 4/q a composite number?
False
Suppose 8*j + 3*j - 165 = 0. Suppose 0 = -10*b + j*b - 1465. Is b composite?
False
Suppose 7*h - 3*h - x - 447600 = 0, -2*x = -5*h + 559503. Is h a prime number?
False
Is (-976 + -1)*(-44)/(-12 - -16) a composite number?
True
Let q(s) = -s**3 + 98*s**2 + 800*s - 241. Is q(76) prime?
True
Suppose z - 40 - 274 = 0. Suppose 311*u - z*u = -50187. Is u composite?
False
Suppose 20*x - 5*j = 24*x - 478713, 4*j - 119659 = -x. Is x prime?
True
Let d(b) = -152026*b - 3159. Is d(-6) a prime number?
False
Let m(j) = 152*j + 13. Let o be (-6)/12 + 27/12*2. Suppose o*f = -3*a - 2*a + 27, 5*a - f - 37 = 0. Is m(a) a composite number?
True
Let h = 816281 - 472726. Is h a prime number?
False
Suppose 4*t - 358 - 1538 = 0. Suppose -43067 = -w + t. Is w composite?
False
Let j(q) = 12739*q + 1938. Is j(21) a prime number?
False
Suppose -i - o + 10070 = 0, -4 = 2*o + 6. Let m = -5964 + i. Is m composite?
False
Let v = -4058 + 7176. Let y be 2/9 + (-3938)/(-18). Suppose -c + 5*w = -419 - y, -5*c + w = -v. Is c a composite number?
True
Let w(m) = -135*m**2 - 2*m - 2. Let a be w(-1). Let q = a + 287. Let k = q + -67. Is k prime?
False
Let r(f) = 6*f**2 - 17*f - 4. Suppose 2*m - 26 = -4*y, 0*y + 11 = 2*y - m. Suppose -y - 8 = 2*j. Is r(j) prime?
True
Let q be (-2)/5 + (-392580)/50. Let u = 13451 + q. Is u a composite number?
True
Let q = -261 - -457. Suppose -8*f + 6*f = -19*f + 2261. Let b = f + q. Is b a composite number?
True
Let w(y) = 4800*y**2 - 5*y - 4. Suppose 0*b - 2*q = b + 9, 0 = 4*b - 2*q - 4. Is w(b) composite?
False
Let i(t) = 3*t**2 - 14*t + 12. Let k be i(4). Is 2 - -4203 - (-8)/k composite?
True
Let j(l) be the first derivative of 241*l**2/2 - 21*l + 19. Let h be j(9). Suppose -3*v + 10 = 2*v, -2*g = -5*v - h. Is g a prime number?
False
Suppose -253*r = -273*r + 588220. Is r a composite number?
False
Suppose -2*o + 13*a + 2503 = 18*a, 0 = -o - 4*a + 1247. Suppose 2359 = -3*y - 8*p + 3*p, 2*y - 5*p = -1581. Let s = o + y. Is s a prime number?
False
Suppose 3*b + 2*o = 308, 3*b + 2*o + 328 = 6*b. Let w = -100 + b. Suppose w*x = 2*x + 5*i + 6697, 0 = i + 1. Is x composite?
True
Let y = 299991 + -101614. Is y composite?
False
Suppose 0 = 8*t - 4*t - 184. Suppose -t*k = -41*k - 8695. Is k a composite number?
True
Let g(a) = a**2 + 4*a - 6. Suppose j + j = k + 12, 0 = -5*j + 15. Let b be g(k). Suppose -7103 - 2251 = -b*n. Is n a prime number?
True
Let m = 1164 - -10. Suppose 0 = -5*b + 7*b - m. Suppose -5*i + 1658 = -b. Is i a composite number?
False
Let f = -1724 - -5732. Suppose 21519 + f = 3*o. Is o composite?
True
Suppose -5*y + 17 = -28. Let u(x) = -23*x**2 + 9*x - 45. Let h(z) = -17*z**2 + 10*z - 44. Let i(o) = 6*h(o) - 5*u(o). Is i(y) composite?
True
Suppose 251*l - 7521010 = -239*l. Is l prime?
True
Let l(d) = 8776*d - 121. Suppose -38 + 12 = -13*s. Is l(s) a prime number?
True
Let d(o) = o**3 - 16*o**2 - 17*o + 4. Let l be d(17). Suppose -4*c + 0*c - 5*u + 7 = 0, l*u = 12. Is (-15)/5 + c + 1 + 483 a prime number?
True
Let j = -35 - -54. Let o = j + -6. Let y = o + 130. Is y composite?
True
Let n be 414584/12 + 9/27. Suppose n - 89633 = -4*t. Is t prime?
False
Suppose 4 = -4*d, -p + 14*d = 19*d. Suppose -i - 5*y = -4*y - 1170, -5857 = -p*i + 2*y. Is i prime?
True
Let b = -64656 + 196139. Is b a composite number?
True
Suppose -21*u = 2*l - 18*u - 84559, -2*l - 5*u = -84557. Is l a prime number?
True
Suppose 36 = 6*k, -2*n + 0*n + 27866 = -2*k. Is n prime?
False
Suppose -2*l = -s - 1, 5*l - 2*s = 9*l - 22. Suppose -l*r + 10521 = -645. Is r a prime number?
False
Suppose -7*q + 3045 = -2*q. Let v be (0 + -68)*q/42. Let b = 1599 + v. Is b a prime number?
True
Is ((-5780216)/156)/(((-4)/6)/1) composite?
False
Let s(r) = -16179*r + 511. Is s(-4) a prime number?
False
Suppose 6*i - 2*i + 14 = 2*u, -3*i - 3 = u. Suppose 4914 = -4*s - n, -u*n = -3*s - n - 3691. Let o = s - -1770. Is o a prime number?
True
Let o(w) = -2*w + 32. Let r be o(16). Suppose 0 = -4*f + 5*l + 6816, 2*f + 3*l = -r*l + 3430. Is f a composite number?
False
Suppose -25 = -18*u + 13*u. Let y(g) = -325*g**2 + 30*g + 44. Let o(c) = 81*c**2 - 7*c - 11. Let t(w) = 9*o(w) + 2*y(w). Is t(u) prime?
True
Is -13 - (-33967 - (7 - 6)) a composite number?
True
Suppose -5*k = -4*k - 84. Suppose 3*l = 4*c + 140, -k = -2*l + 2*c - 4*c. Suppose -45*u + l*u = -479. Is u composite?
False
Let z be (-36)/(-27) - -8*(-7932)/(-9). Suppose -5*c + z = -723. Is c a prime number?
False
Let c(g) = 0*g**3 - 5*g**3 + 206 + 4*g**3 - g**2 - 3*g. Suppose -10*f + 4*f = -5*s + 5, -5*f = 5*s - 5. Is c(f) a prime number?
False
Let x be (3/9)/((-2)/(-78)). Let z(c) = -10*c**2 - 6*c**2 - 13*c + 19*c**2 - 9. Is z(x) prime?
False
Let m(g) = -16*g - 33. Let c be m(6). Let y = 216 + c. Is y composite?
True
Let c be (-3 - -19036) + -4 + (5 - 1). Suppose -3*s - c = -10*s. Is s a prime number?
True
Let v be -5*24/50*5. Is ((-87)/v)/((-5)/(-380)) a composite number?
True
Suppose 0 = 5*f + 4*j + 147, 5*f + 5*j + 142 + 8 = 0. Let m be (-4)/(-18) - (-3 - 6/f). Suppose -4*a = -5*k + 5515, -m*a - 3 = 12. Is k a prime number?
False
Suppose v - 164644 = 3*z, 5*v - 100*z - 823332 = -101*z. Is v prime?
False
Suppose 51*q = -6 + 108. Let l(v) = -4*v**3 - v - 1. Let k be l(-1). Suppose 3*g - 7387 = 5*p, k*g - q*p + p = 9872. Is g a prime number?
False
